{"id":45,"date":"2023-04-11T15:58:08","date_gmt":"2023-04-11T15:58:08","guid":{"rendered":"https:\/\/www.enetsa.ro\/?page_id=45"},"modified":"2023-04-11T17:02:49","modified_gmt":"2023-04-11T17:02:49","slug":"despre-noi","status":"publish","type":"page","link":"https:\/\/www.enetsa.ro\/index.php\/despre-noi\/","title":{"rendered":"Despre noi"},"content":{"rendered":"\t\t<div data-elementor-type=\"wp-page\" data-elementor-id=\"45\" class=\"elementor elementor-45\">\n\t\t\t\t\t\t\t\t\t<section class=\"elementor-section elementor-top-section elementor-element elementor-element-521b9e7 elementor-section-boxed elementor-section-height-default elementor-section-height-default\" data-id=\"521b9e7\" data-element_type=\"section\">\n\t\t\t\t\t\t<div class=\"elementor-container elementor-column-gap-default\">\n\t\t\t\t\t<div class=\"elementor-column elementor-col-100 elementor-top-column elementor-element elementor-element-a771eca\" data-id=\"a771eca\" data-element_type=\"column\">\n\t\t\t<div class=\"elementor-widget-wrap elementor-element-populated\">\n\t\t\t\t\t\t\t\t<div class=\"elementor-element elementor-element-bb50a27 elementor-widget elementor-widget-heading\" data-id=\"bb50a27\" data-element_type=\"widget\" data-widget_type=\"heading.default\">\n\t\t\t\t<div class=\"elementor-widget-container\">\n\t\t\t<style>\/*! elementor - v3.12.1 - 02-04-2023 *\/\n.elementor-heading-title{padding:0;margin:0;line-height:1}.elementor-widget-heading .elementor-heading-title[class*=elementor-size-]>a{color:inherit;font-size:inherit;line-height:inherit}.elementor-widget-heading .elementor-heading-title.elementor-size-small{font-size:15px}.elementor-widget-heading .elementor-heading-title.elementor-size-medium{font-size:19px}.elementor-widget-heading .elementor-heading-title.elementor-size-large{font-size:29px}.elementor-widget-heading .elementor-heading-title.elementor-size-xl{font-size:39px}.elementor-widget-heading .elementor-heading-title.elementor-size-xxl{font-size:59px}<\/style><h2 class=\"elementor-heading-title elementor-size-default\">Bine a\u021bi venit!<\/h2>\t\t<\/div>\n\t\t\t\t<\/div>\n\t\t\t\t<div class=\"elementor-element elementor-element-09d6137 elementor-widget elementor-widget-text-editor\" data-id=\"09d6137\" data-element_type=\"widget\" data-widget_type=\"text-editor.default\">\n\t\t\t\t<div class=\"elementor-widget-container\">\n\t\t\t<style>\/*! elementor - v3.12.1 - 02-04-2023 *\/\n.elementor-widget-text-editor.elementor-drop-cap-view-stacked .elementor-drop-cap{background-color:#69727d;color:#fff}.elementor-widget-text-editor.elementor-drop-cap-view-framed .elementor-drop-cap{color:#69727d;border:3px solid;background-color:transparent}.elementor-widget-text-editor:not(.elementor-drop-cap-view-default) .elementor-drop-cap{margin-top:8px}.elementor-widget-text-editor:not(.elementor-drop-cap-view-default) .elementor-drop-cap-letter{width:1em;height:1em}.elementor-widget-text-editor .elementor-drop-cap{float:left;text-align:center;line-height:1;font-size:50px}.elementor-widget-text-editor .elementor-drop-cap-letter{display:inline-block}<\/style>\t\t\t\t<p style=\"font-weight: 400;\">ENET S.A. FOC\u015eANI este partenerul familiei dvs. de mul\u021bi ani. Suntem societate comercial\u0103 care apar\u021bine comunit\u0103\u021bii locale \u0219i avem ca scop principal s\u0103 aducem \u00een casele \u0219i apartamentele dvs., energia termic\u0103 pentru \u00eenc\u0103lzire \u0219i ap\u0103 cald\u0103. \u0218i facem acest lucru de peste 50 de ani!<\/p><p style=\"font-weight: 400;\"><span style=\"color: var( --e-global-color-text ); font-family: var( --e-global-typography-text-font-family ), Sans-serif; font-style: inherit; text-transform: inherit;\">Suntem aici, l\u00e2ng\u0103 cei care au nevoie de noi,\u00a0de aceea\u0219i\u00a0parte a baricadei\u00a0cu dvs., cet\u0103\u021benii municipiului Foc\u0219ani, \u0219i ne dorim s\u0103 fim c\u00e2t mai aproape de dorin\u021bele si exigen\u021bele dumneavoastr\u0103. Siguran\u021ba dvs., \u00een primul r\u00e2nd, dar \u0219i confortul\u00a0dvs., sunt principalele noastre obiective.<\/span><\/p><p style=\"font-weight: 400;\"><span style=\"color: var( --e-global-color-text ); font-family: var( --e-global-typography-text-font-family ), Sans-serif; font-style: inherit; text-transform: inherit;\">Dorim s\u0103 mul\u021bumim public tuturor celor care \u00ee\u0219i achit\u0103 facturile la termen, \u0219i\u00a0acelor reprezentan\u021bi ai asocia\u021biilor, care ne sprijin\u0103 \u0219i\u00a0insist\u0103 \u00een \u00eencasarea debitelor \u00een condominiile lor.\u00a0Sprijinul dvs., al comunit\u0103\u021bii,\u00a0este esen\u021bial \u00een asigurarea tuturor condi\u021biilor pentru a putea \u00eenc\u0103lzi ora\u0219ul \u00een continuare.<\/span><\/p>\t\t\t\t\t\t<\/div>\n\t\t\t\t<\/div>\n\t\t\t\t\t<\/div>\n\t\t<\/div>\n\t\t\t\t\t\t\t<\/div>\n\t\t<\/section>\n\t\t\t\t<section class=\"elementor-section elementor-top-section elementor-element elementor-element-432eca8 elementor-section-boxed elementor-section-height-default elementor-section-height-default\" data-id=\"432eca8\" data-element_type=\"section\">\n\t\t\t\t\t\t<div class=\"elementor-container elementor-column-gap-default\">\n\t\t\t\t\t<div class=\"elementor-column elementor-col-100 elementor-top-column elementor-element elementor-element-fd68f04\" data-id=\"fd68f04\" data-element_type=\"column\">\n\t\t\t<div class=\"elementor-widget-wrap elementor-element-populated\">\n\t\t\t\t\t\t\t\t<div class=\"elementor-element elementor-element-8bf32b2 elementor-widget elementor-widget-image\" data-id=\"8bf32b2\" data-element_type=\"widget\" data-widget_type=\"image.default\">\n\t\t\t\t<div class=\"elementor-widget-container\">\n\t\t\t<style>\/*! elementor - v3.12.1 - 02-04-2023 *\/\n.elementor-widget-image{text-align:center}.elementor-widget-image a{display:inline-block}.elementor-widget-image a img[src$=\".svg\"]{width:48px}.elementor-widget-image img{vertical-align:middle;display:inline-block}<\/style>\t\t\t\t\t\t\t\t\t\t\t\t<img loading=\"lazy\" decoding=\"async\" width=\"650\" height=\"434\" src=\"https:\/\/www.enetsa.ro\/wp-content\/uploads\/2023\/04\/enetsa-centrala.jpg\" class=\"attachment-medium_large size-medium_large wp-image-69\" alt=\"\" srcset=\"https:\/\/www.enetsa.ro\/wp-content\/uploads\/2023\/04\/enetsa-centrala.jpg 650w, https:\/\/www.enetsa.ro\/wp-content\/uploads\/2023\/04\/enetsa-centrala-300x200.jpg 300w\" sizes=\"auto, (max-width: 650px) 100vw, 650px\" \/>\t\t\t\t\t\t\t\t\t\t\t\t\t\t\t<\/div>\n\t\t\t\t<\/div>\n\t\t\t\t\t<\/div>\n\t\t<\/div>\n\t\t\t\t\t\t\t<\/div>\n\t\t<\/section>\n\t\t\t\t\t\t\t<\/div>\n\t\t","protected":false},"excerpt":{"rendered":"<p>Bine a\u021bi venit! ENET S.A. FOC\u015eANI este partenerul familiei dvs. de mul\u021bi ani. Suntem societate comercial\u0103 care apar\u021bine comunit\u0103\u021bii locale \u0219i avem ca scop principal s\u0103 aducem \u00een casele \u0219i apartamentele dvs., energia termic\u0103 pentru \u00eenc\u0103lzire \u0219i ap\u0103 cald\u0103. \u0218i facem acest lucru de peste 50 de ani! Suntem aici, l\u00e2ng\u0103 cei care au nevoie [&hellip;]<\/p>\n","protected":false},"author":1,"featured_media":0,"parent":0,"menu_order":0,"comment_status":"closed","ping_status":"closed","template":"","meta":{"footnotes":""},"class_list":["post-45","page","type-page","status-publish","hentry"],"_links":{"self":[{"href":"https:\/\/www.enetsa.ro\/index.php\/wp-json\/wp\/v2\/pages\/45","targetHints":{"allow":["GET"]}}],"collection":[{"href":"https:\/\/www.enetsa.ro\/index.php\/wp-json\/wp\/v2\/pages"}],"about":[{"href":"https:\/\/www.enetsa.ro\/index.php\/wp-json\/wp\/v2\/types\/page"}],"author":[{"embeddable":true,"href":"https:\/\/www.enetsa.ro\/index.php\/wp-json\/wp\/v2\/users\/1"}],"replies":[{"embeddable":true,"href":"https:\/\/www.enetsa.ro\/index.php\/wp-json\/wp\/v2\/comments?post=45"}],"version-history":[{"count":10,"href":"https:\/\/www.enetsa.ro\/index.php\/wp-json\/wp\/v2\/pages\/45\/revisions"}],"predecessor-version":[{"id":72,"href":"https:\/\/www.enetsa.ro\/index.php\/wp-json\/wp\/v2\/pages\/45\/revisions\/72"}],"wp:attachment":[{"href":"https:\/\/www.enetsa.ro\/index.php\/wp-json\/wp\/v2\/media?parent=45"}],"curies":[{"name":"wp","href":"https:\/\/api.w.org\/{rel}","templated":true}]}}